{"id":17,"date":"2013-09-27T20:40:09","date_gmt":"2013-09-27T20:40:09","guid":{"rendered":"https:\/\/transasylsupport.cyborgsociety.org\/?page_id=17"},"modified":"2013-09-30T18:11:01","modified_gmt":"2013-09-30T18:11:01","slug":"begriff-verfolgung-2","status":"publish","type":"page","link":"https:\/\/transasylsupport.cyborgsociety.org\/?page_id=17","title":{"rendered":"Begriff Verfolgung"},"content":{"rendered":"<p><span style=\"font-family: Calibri,sans-serif;\"><b>Verfolgung<\/b> im Herkunftsland ist entscheidend f\u00fcr die Anerkennung als Fl\u00fcchtling. Art. 9 Abs. 1 Qualifikationsrichtlinie definiert eine Verfolgungshandlung als einen gezielten Eingriff in ein gesch\u00fctztes Rechtsgut, also eine Handlung, die gravierende Menschenrechtsverletzung nach sich zieht. Regelbeispiele f\u00fcr Verfolgungshandlungen werden im Art. 9 Abs. 2 Qualifikationsrichtlinie aufgef\u00fchrt:<\/span><\/p>\n<p>\u201e<span style=\"font-family: Calibri,sans-serif;\"><span style=\"font-size: small;\">a) Anwendung physischer oder psychischer Gewalt, einschlie\u00dflich sexueller Gewalt, <\/span><\/span><\/p>\n<p><span style=\"font-family: Calibri,sans-serif;\"><span style=\"font-size: small;\">b) gesetzliche, administrative, polizeiliche und\/oder justizielle Ma\u00dfnahmen, die als solche diskriminierend sind oder in diskriminierender Weise angewandt werden, <\/span><\/span><\/p>\n<p><span style=\"font-family: Calibri,sans-serif;\"><span style=\"font-size: small;\">c) unverh\u00e4ltnism\u00e4\u00dfige oder diskriminierende Strafverfolgung oder Bestrafung, <\/span><\/span><\/p>\n<p><span style=\"font-family: Calibri,sans-serif;\"><span style=\"font-size: small;\">d) Verweigerung gerichtlichen Rechtsschutzes mit dem Ergebnis einer unverh\u00e4ltnism\u00e4\u00dfigen oder diskriminierenden<\/span><\/span><\/p>\n<p><span style=\"font-family: Calibri,sans-serif;\"><span style=\"font-size: small;\">e) Strafverfolgung oder Bestrafung wegen Verweigerung des Milit\u00e4rdienstes in einem Konflikt, wenn der Milit\u00e4rdienst Verbrechen oder Handlungen umfassen w\u00fcrde, die unter den Anwendungsbereich der Ausschlussklauseln des Artikels 12 Absatz 2 fallen, und <\/span><\/span><\/p>\n<p><span style=\"font-family: Calibri,sans-serif;\"><span style=\"font-size: small;\">f) <strong>Handlungen, die an die Geschlechtszugeh\u00f6rigkeit ankn\u00fcpfen<\/strong> oder gegen Kinder gerichtet sind.&#8221; <\/span><\/span><\/p>\n<p><a title=\"Verfolgungsgr\u00fcnde\" href=\"https:\/\/transasylsupport.cyborgsociety.org\/?page_id=20\"><span style=\"font-family: Calibri,sans-serif;\"><span style=\"font-size: medium;\">Geschlechtsspezifische Verfolgung <\/span><\/span><\/a><\/p>\n","protected":false},"excerpt":{"rendered":"<p>Verfolgung im Herkunftsland ist entscheidend f\u00fcr die Anerkennung als Fl\u00fcchtling. Art. 9 Abs. 1 Qualifikationsrichtlinie definiert eine Verfolgungshandlung als einen gezielten Eingriff in ein gesch\u00fctztes Rechtsgut, also eine Handlung, die gravierende Menschenrechtsverletzung nach sich zieht. Regelbeispiele f\u00fcr Verfolgungshandlungen werden im Art. 9 Abs. 2 Qualifikationsrichtlinie aufgef\u00fchrt: \u201ea) Anwendung physischer oder psychischer Gewalt, einschlie\u00dflich sexueller Gewalt, [&hellip;]<\/p>\n","protected":false},"author":1,"featured_media":0,"parent":14,"menu_order":0,"comment_status":"closed","ping_status":"closed","template":"","meta":{"footnotes":""},"class_list":["post-17","page","type-page","status-publish","hentry"],"_links":{"self":[{"href":"https:\/\/transasylsupport.cyborgsociety.org\/index.php?rest_route=\/wp\/v2\/pages\/17","targetHints":{"allow":["GET"]}}],"collection":[{"href":"https:\/\/transasylsupport.cyborgsociety.org\/index.php?rest_route=\/wp\/v2\/pages"}],"about":[{"href":"https:\/\/transasylsupport.cyborgsociety.org\/index.php?rest_route=\/wp\/v2\/types\/page"}],"author":[{"embeddable":true,"href":"https:\/\/transasylsupport.cyborgsociety.org\/index.php?rest_route=\/wp\/v2\/users\/1"}],"replies":[{"embeddable":true,"href":"https:\/\/transasylsupport.cyborgsociety.org\/index.php?rest_route=%2Fwp%2Fv2%2Fcomments&post=17"}],"version-history":[{"count":5,"href":"https:\/\/transasylsupport.cyborgsociety.org\/index.php?rest_route=\/wp\/v2\/pages\/17\/revisions"}],"predecessor-version":[{"id":123,"href":"https:\/\/transasylsupport.cyborgsociety.org\/index.php?rest_route=\/wp\/v2\/pages\/17\/revisions\/123"}],"up":[{"embeddable":true,"href":"https:\/\/transasylsupport.cyborgsociety.org\/index.php?rest_route=\/wp\/v2\/pages\/14"}],"wp:attachment":[{"href":"https:\/\/transasylsupport.cyborgsociety.org\/index.php?rest_route=%2Fwp%2Fv2%2Fmedia&parent=17"}],"curies":[{"name":"wp","href":"https:\/\/api.w.org\/{rel}","templated":true}]}}