{"id":22,"date":"2013-09-27T21:15:02","date_gmt":"2013-09-27T21:15:02","guid":{"rendered":"https:\/\/transasylsupport.cyborgsociety.org\/?page_id=22"},"modified":"2013-09-30T17:12:25","modified_gmt":"2013-09-30T17:12:25","slug":"verfolgungsakteure","status":"publish","type":"page","link":"https:\/\/transasylsupport.cyborgsociety.org\/?page_id=22","title":{"rendered":"Verfolgungsakteure"},"content":{"rendered":"<p><strong><span style=\"font-family: Calibri,sans-serif;\">&#8211; Nichtstaatliche Verfolgung<\/span><\/strong><br \/>\n<span style=\"font-family: Calibri,sans-serif;\">Durch die Anerkennung nichtstaatlicher Verfolgung, k\u00f6nnen Menschenrechtsverletzungen nicht mehr damit relativiert werden, dass sie der <a title=\"Diskretions-Erfordernis\" href=\"https:\/\/transasylsupport.cyborgsociety.org\/?page_id=80\">Privatsph\u00e4re <\/a>zuzuordnen werden und deshalb nicht asylrelevant sind. (Vgl. Pelzer 2006: 4) <\/span><\/p>\n<p><span style=\"font-family: Calibri,sans-serif;\">Die Verfolgung im Sinne \u00a760 Abs. 1 Satz 1 AufenthG kann neben dem Staat auch von\u00a0 Parteien und Organisationen, die mindestens einen relevanten Teil des Staatsgebiets beherrschen oder von nichtstaatlichen Akteuren ausgehen <span style=\"font-family: Calibri,sans-serif;\">(sofern der Staat bzw. Parteien, Organisationen oder internationale Organisationen erwiesenerma\u00dfen keinen Schutz vor der Verfolgung bieten k\u00f6nnen bzw. nicht willens sind).<\/span><\/span><\/p>\n<p><span style=\"font-family: Calibri,sans-serif;\">F\u00fcr die geschlechtsspezifische Verfolgung ist es von daher nicht notwendig, dass sie von staatlichen Akteuren bzw. Institutionen ausgeht. F\u00fcr die Fl\u00fcchtlingsanerkennung ist ausreichend zu belegen, dass der Staat keinen gen\u00fcgenden Schutz bietet.<\/span><\/p>\n<p><span style=\"font-family: Calibri,sans-serif;\">Es sei denn, es besteht eine<a title=\"Innerstaatliche Fluchtalternative\" href=\"https:\/\/transasylsupport.cyborgsociety.org\/?page_id=24\"> innerstaatliche Fluchtalternative<\/a>.<\/span><\/p>\n<p><span style=\"font-family: Calibri,sans-serif;\"><a title=\"Literatur\" href=\"https:\/\/transasylsupport.cyborgsociety.org\/?page_id=38\">Verwendete Literatur<\/a><\/span><\/p>\n","protected":false},"excerpt":{"rendered":"<p>&#8211; Nichtstaatliche Verfolgung Durch die Anerkennung nichtstaatlicher Verfolgung, k\u00f6nnen Menschenrechtsverletzungen nicht mehr damit relativiert werden, dass sie der Privatsph\u00e4re zuzuordnen werden und deshalb nicht asylrelevant sind. (Vgl. Pelzer 2006: 4) Die Verfolgung im Sinne \u00a760 Abs. 1 Satz 1 AufenthG kann neben dem Staat auch von\u00a0 Parteien und Organisationen, die mindestens einen relevanten Teil des [&hellip;]<\/p>\n","protected":false},"author":1,"featured_media":0,"parent":14,"menu_order":0,"comment_status":"closed","ping_status":"closed","template":"","meta":{"footnotes":""},"class_list":["post-22","page","type-page","status-publish","hentry"],"_links":{"self":[{"href":"https:\/\/transasylsupport.cyborgsociety.org\/index.php?rest_route=\/wp\/v2\/pages\/22","targetHints":{"allow":["GET"]}}],"collection":[{"href":"https:\/\/transasylsupport.cyborgsociety.org\/index.php?rest_route=\/wp\/v2\/pages"}],"about":[{"href":"https:\/\/transasylsupport.cyborgsociety.org\/index.php?rest_route=\/wp\/v2\/types\/page"}],"author":[{"embeddable":true,"href":"https:\/\/transasylsupport.cyborgsociety.org\/index.php?rest_route=\/wp\/v2\/users\/1"}],"replies":[{"embeddable":true,"href":"https:\/\/transasylsupport.cyborgsociety.org\/index.php?rest_route=%2Fwp%2Fv2%2Fcomments&post=22"}],"version-history":[{"count":5,"href":"https:\/\/transasylsupport.cyborgsociety.org\/index.php?rest_route=\/wp\/v2\/pages\/22\/revisions"}],"predecessor-version":[{"id":115,"href":"https:\/\/transasylsupport.cyborgsociety.org\/index.php?rest_route=\/wp\/v2\/pages\/22\/revisions\/115"}],"up":[{"embeddable":true,"href":"https:\/\/transasylsupport.cyborgsociety.org\/index.php?rest_route=\/wp\/v2\/pages\/14"}],"wp:attachment":[{"href":"https:\/\/transasylsupport.cyborgsociety.org\/index.php?rest_route=%2Fwp%2Fv2%2Fmedia&parent=22"}],"curies":[{"name":"wp","href":"https:\/\/api.w.org\/{rel}","templated":true}]}}