{"id":70,"date":"2013-09-29T15:34:08","date_gmt":"2013-09-29T15:34:08","guid":{"rendered":"https:\/\/transasylsupport.cyborgsociety.org\/?page_id=70"},"modified":"2013-09-30T16:48:26","modified_gmt":"2013-09-30T16:48:26","slug":"entscheidungspraxis","status":"publish","type":"page","link":"https:\/\/transasylsupport.cyborgsociety.org\/?page_id=70","title":{"rendered":"Entscheidungspraxis"},"content":{"rendered":"<h1><span style=\"font-family: Calibri,sans-serif;\">des Bundesamtes f\u00fcr Migration und Fl\u00fcchtlinge (BAMF) und der Verwaltungsgerichte<\/span><\/h1>\n<p align=\"LEFT\">Trans*idente Asylantragsteller_innen m\u00fcssen sich im Rahmen des Asylverfahrens einem erh\u00f6hten Druck bei der Pr\u00fcfung der \u201eGlaubhaftigkeit der Aussagen\u201c und der \u201eGlaubw\u00fcrdigkeit der Person insgesamt\u201c aussetzen. Wie auch LGB- Fl\u00fcchtlinge ihre sexuelle Orientierung, m\u00fcssen Trans*Gefl\u00fcchtete ihre geschlechtliche Identit\u00e4t unter Beweis stellen lassen.<\/p>\n<p><a title=\"Diskretions-Erfordernis\" href=\"https:\/\/transasylsupport.cyborgsociety.org\/?page_id=80\">Diskretions-Erfordernis<\/a><\/p>\n<p><a title=\"Gutachten-Praxis\" href=\"https:\/\/transasylsupport.cyborgsociety.org\/?page_id=85\">Gutachten-Praxis<\/a><\/p>\n<p><a title=\"Glaubw\u00fcrdigkeit\" href=\"https:\/\/transasylsupport.cyborgsociety.org\/?page_id=89\">Glaubw\u00fcrdigkeit<\/a><\/p>\n","protected":false},"excerpt":{"rendered":"<p>des Bundesamtes f\u00fcr Migration und Fl\u00fcchtlinge (BAMF) und der Verwaltungsgerichte Trans*idente Asylantragsteller_innen m\u00fcssen sich im Rahmen des Asylverfahrens einem erh\u00f6hten Druck bei der Pr\u00fcfung der \u201eGlaubhaftigkeit der Aussagen\u201c und der \u201eGlaubw\u00fcrdigkeit der Person insgesamt\u201c aussetzen. Wie auch LGB- Fl\u00fcchtlinge ihre sexuelle Orientierung, m\u00fcssen Trans*Gefl\u00fcchtete ihre geschlechtliche Identit\u00e4t unter Beweis stellen lassen. Diskretions-Erfordernis Gutachten-Praxis Glaubw\u00fcrdigkeit<\/p>\n","protected":false},"author":1,"featured_media":0,"parent":0,"menu_order":0,"comment_status":"closed","ping_status":"closed","template":"","meta":{"footnotes":""},"class_list":["post-70","page","type-page","status-publish","hentry"],"_links":{"self":[{"href":"https:\/\/transasylsupport.cyborgsociety.org\/index.php?rest_route=\/wp\/v2\/pages\/70","targetHints":{"allow":["GET"]}}],"collection":[{"href":"https:\/\/transasylsupport.cyborgsociety.org\/index.php?rest_route=\/wp\/v2\/pages"}],"about":[{"href":"https:\/\/transasylsupport.cyborgsociety.org\/index.php?rest_route=\/wp\/v2\/types\/page"}],"author":[{"embeddable":true,"href":"https:\/\/transasylsupport.cyborgsociety.org\/index.php?rest_route=\/wp\/v2\/users\/1"}],"replies":[{"embeddable":true,"href":"https:\/\/transasylsupport.cyborgsociety.org\/index.php?rest_route=%2Fwp%2Fv2%2Fcomments&post=70"}],"version-history":[{"count":6,"href":"https:\/\/transasylsupport.cyborgsociety.org\/index.php?rest_route=\/wp\/v2\/pages\/70\/revisions"}],"predecessor-version":[{"id":108,"href":"https:\/\/transasylsupport.cyborgsociety.org\/index.php?rest_route=\/wp\/v2\/pages\/70\/revisions\/108"}],"wp:attachment":[{"href":"https:\/\/transasylsupport.cyborgsociety.org\/index.php?rest_route=%2Fwp%2Fv2%2Fmedia&parent=70"}],"curies":[{"name":"wp","href":"https:\/\/api.w.org\/{rel}","templated":true}]}}